h + 2*h. What is the hundreds digit of u?
2
Let q(k) = -1460*k**3. Let d be q(1). What is the tens digit of ((-8)/(-20) - -2)*d/(-6)?
8
What is the ten thousands digit of (-2)/12 + 155138/12 - (5 - 8)?
1
Let m(s) = 1280*s**2 + 283*s - 6. What is the units digit of m(-4)?
2
Let w(x) = 7*x**2 + 95*x - 280. What is the hundreds digit of w(-44)?
0
Let r(d) = 19*d**2 + 26*d - 138. Let u = -765 + 772. What is the units digit of r(u)?
5
Suppose 29*f - 37*f + 88 = 0. Suppose 0 = -3*g + 9 - 3, 0 = -n + 4*g + 19. Let c = n - f. What is the units digit of c?
6
Suppose -v - 16 = 5*m, 7*v - 5*m - 36 = 3*v. Suppose -4*x = -v*p - 443 + 2659, 2*p - 4*x = 1102. What is the hundreds digit of p?
5
What is the hundreds digit of (300*(62 + -9))/1?
9
Let d be 31715/(-25) + 2 + 6/(-15). Let t = -491 - d. What is the units digit of t?
6
Let t(g) = 1866*g - 6699. What is the tens digit of t(13)?
5
Let v be (-37)/(-74) + (-163)/2*-1. Let r = 99 - v. What is the tens digit of r?
1
Let i be ((-34)/(-51))/(2/14220). Suppose 5*l + l = i. What is the tens digit of l?
9
What is the hundreds digit of 1 + 1191 - (-83 - -73)?
2
Suppose -13*i + 7*i = -7*i. Suppose 2*j = -n - i*n + 201, 2*j = -10. What is the hundreds digit of n?
2
Suppose 0 = 3*h + 3*l - 105711, 14*l - 11*l = -5*h + 176177. What is the ten thousands digit of h?
3
Suppose -j - 418 = -2*n + 23409, 0 = -j + 1. What is the hundreds digit of n?
9
Suppose 220*y - 219*y = -5*m + 40264, -m = y - 8052. What is the thousands digit of m?
8
Let d(o) = -o**3 - 6*o**2 - 3*o - 14. Let z be d(-6). Suppose 3*t + 2*l - 3*l + 11 = 0, -z*t + 5*l = 22. What is the hundreds digit of 10/((-40)/1314)*2/t?
2
Suppose -259269 = -67*j - 49693. What is the hundreds digit of j?
1
Suppose 0*y - y = -319. Suppose -7*l + y - 60 = 0. Suppose 2*c - l = 2*f + 73, 50 = c - 2*f. What is the tens digit of c?
6
Suppose -3*v - 9*v - 129888 = -4*j, -5*v = -4*j + 129832. What is the units digit of j?
8
Let p(n) = -n**3 - 29*n**2 + 26*n - 91. Let l be p(-30). Suppose l*d = 36*d - 658. What is the units digit of d?
4
Let b(f) = f + 17. Let i be b(-13). Suppose -2*n + 760 = i*q, -2 = -5*n + 4*n. What is the units digit of q/12 + 1 + 2/8?
7
What is the thousands digit of (-12323465)/(-231) - 8/6?
3
Let k be 4172/(-8) + 10/4. Let v = k - -956. What is the hundreds digit of v?
4
Let g(r) = r**2 - r + 10. Let w be g(-11). Suppose m - w = 3*c, 2*m - 281 + 52 = -5*c. Suppose -6 = 2*y, -2*t = 3*t + y - m. What is the units digit of t?
6
Let n = 365 + -47. Let s be n/10 + (-20)/25. Suppose -5*d + 5*c + 15 = -3*d, -s = -3*d - c. What is the tens digit of d?
1
Let x(z) = 4*z + 56. Let r(d) = -2*d - 28. Let u(p) = -5*r(p) - 2*x(p). Let i be u(6). Suppose 765 = i*a - 35*a. What is the hundreds digit of a?
1
Let l(r) = 174*r**2 + 18*r - 42. Let q be l(3). Suppose -2*j = -5*j + q. What is the units digit of j?
6
Let y(a) = 2*a**3 - 2*a**2 + 2*a - 1. Let p be y(4). Let k = 45 + -69. Let t = k + p. What is the tens digit of t?
7
What is the thousands digit of -114*3348/(-15) - (0 - 13/65)?
5
What is the tens digit of (167864/(-48) + 16/(-12))/(3/(-24))?
8
Let b be (-16)/3 - (-1)/(3/(-2)). Let q be 0 + b/(-3) + -162. What is the tens digit of 7/(-7)*(q/2 + -1)?
8
Let o = 207 + -204. Suppose -n + 3*g = -2*n + 210, 0 = -3*n - o*g + 636. What is the units digit of n?
3
Suppose -5*w - 5*o + 4225 = 0, -4*w + 2*o = -2*o - 3348. Suppose -65 = 6*u + w. Let s = -89 - u. What is the tens digit of s?
6
What is the units digit of 2162376/288 - 15/(-4)?
2
Suppose 0 = -3*h - 4*x + 42467, 28*h = 31*h - 12*x - 42531. What is the tens digit of h?
6
Let d(g) = -50*g - 14. Let l be d(-12). Let a = -346 + l. Suppose 14*b - 18*b = -a. What is the units digit of b?
0
Let u = 98279 - 52612. What is the ten thousands digit of u?
4
Suppose 3*w = 2*w + 3407. Let j = -1868 + w. What is the thousands digit of j?
1
Let x(t) = 6*t + 4*t + 0*t - 1 + 3*t. Let i be x(2). What is the units digit of 1560/i*(-1 + (-26)/(-6))?
8
Suppose 4*o - 21 - 26 = 3*x, 15 = -3*x. Let k(d) = 1 + 8*d + 1 - o. What is the tens digit of k(10)?
7
Suppose 28*a + 117598 = -23*a + 593479. What is the units digit of a?
1
Suppose 10*p - i - 31640 = 5*p, 2*p - i - 12656 = 0. What is the units digit of p?
8
What is the hundreds digit of (0 - (-19722)/(-133))*14/(-4)?
5
Let u = 191 + -306. What is the tens digit of (-3)/9 - 47*u/15?
6
Suppose 0 = -11*b - 21 - 1. Let c be -15 + 15 - (0 + b). Suppose 4*w - 240 = c*y, -4*w + 4*y + 248 = 8. What is the units digit of w?
0
Suppose 0 = -0*k - 0*k - 2*k. Let z(d) = -11*d + 224. What is the units digit of z(k)?
4
Let j be 1039 + -5 + 5 + -1. Let d be 9/6 + j/12. Suppose 4*n + o - 163 = 0, 2*n - 3*o + 17 - d = 0. What is the tens digit of n?
4
Let o = 215 - 545. Let r = 323 - o. What is the tens digit of r?
5
Suppose -43*s - 14872 = -17*s. Let w = -519 - s. What is the units digit of w?
3
Let a be 411 - ((-2)/(-3))/((-9)/(-54)). Suppose f - a = -g, g - 407 = -f - 2*g. Suppose w = 5*p + 217, 4*w - 5*p + f - 1230 = 0. What is the tens digit of w?
0
Let u be (-2)/4*0 + -237. Let p = u + 305. What is the units digit of p?
8
Let g(a) = a**2 - 19. Let z be g(-5). Suppose z*o - 305 = 2*o + 5*v, 4*o + 5*v = 255. What is the tens digit of o?
7
Suppose 5*x - u + 18 = 0, 5*u = -4*x - 22 - 4. Suppose 2*r - 8*v + 14 = -3*v, 3*v = -5*r + 27. What is the units digit of r*-53*x/12?
3
Suppose -2*l + 3*a - 121 = 2*l, 0 = -3*l + 3*a - 87. Let w be -6 - -3 - (7 + -10). What is the tens digit of w + -1 - ((-4 - -2) + l)?
3
Let c = 3294 - 377. What is the thousands digit of c?
2
Suppose -4*q + 9 = -3*n - 4, 3*n = -4*q + 19. Let a(h) = 524*h**2 - 10*h + 12. What is the hundreds digit of a(n)?
5
Suppose 8*a + 248 - 344 = 0. What is the hundreds digit of 5505/130*a - (-6)/(-39)?
5
Let w be 162/42 - 12/14. Suppose -t - w*d = -26, -5*t + 190 = 16*d - 21*d. What is the tens digit of t?
3
Let k = -17 + 107. Let x = k + -90. Suppose x = -10*i - 425 + 2305. What is the hundreds digit of i?
1
Let t(l) = -56*l - 48. Let a be t(-5). Let p = a - -125. What is the tens digit of p?
5
Let c be 1/((3/12)/(2 + -42)). Let m = 259 + c. Suppose -6*j = -699 + m. What is the tens digit of j?
0
Let b(d) = -549*d**3 + 3*d + 9*d**2 + 5 + 7*d - 22 + 550*d**3. What is the tens digit of b(-6)?
3
Let u(j) = -3 + 8 + 17 + 2 + 103*j. What is the units digit of u(2)?
0
Let l = 6179 - 19. Let w = 61 + -12. What is the hundreds digit of 6/21 + l/w?
1
Let q be 2/(-7) + ((-153)/(-21) - 2). Suppose -5*r = q*l - 545, -3*r + 6*l + 323 = 5*l. What is the hundreds digit of r?
1
Let f = -45 - -42. Let l(d) = -84*d - 7. Let b be l(f). Let j = b + -85. What is the units digit of j?
0
Suppose -4*l + 14*p - 10*p = -234576, 0 = 4*l - p - 234552. What is the thousands digit of l?
8
Suppose -2*p - 9 = -13, -3*f = 2*p + 1034. Let u = -156 - f. What is the hundreds digit of u?
1
Let q = 49 - 44. Suppose 5*s + q*m = 6*m + 175, -5*s + 160 = -4*m. Let t = 73 - s. What is the units digit of t?
7
Let b be (113 - (2 - 8))*(0 - -1). Suppose -2*c + 85 = u + 15, -3*c - b = -2*u. What is the tens digit of u?
6
Suppose -5*h + 10 = -10*h, -8 = -5*x - h. Suppose 3*m + 6*j - 2530 = 10*j, x*m - 1681 = -3*j. What is the hundreds digit of m?
8
What is the thousands digit of (-28)/((-2)/(-38)*92/(-2438))?
4
Suppose -4*p + b - 13 = 2*b, 4*p + 10 = -2*b. Let i be (1 + 3)/(1/p). Let f(k) = -3*k - 5. What is the units digit of f(i)?
3
Let u(v) = -3282*v - 13. What is the hundreds digit of u(-2)?
5
Let b = 22035 + 6622. What is the hundreds digit of b?
6
Suppose 128 = 26*z - 18*z. Let y(t) = -2*t**2 + t - 8. Let u be y(-7). Let x = z - u. What is the hundreds digit of x?
1
Suppose s + 5*n = 2*s - 6497, -s + 3*n + 6497 = 0. Suppose 0 = -10*l + 10443 + s. What is the tens digit of l?
9
Suppose -11*a - 5*a = 64. What is the hundreds digit of (4/((-16)/a))/(1/245)?
2
Let g(v) = 1456*v - 2905*v + 402 + 1452*v. What is the hundreds digit of g(0)?
4
Let a(p) = -4*p + 23. Suppose 35 = -0*z + 7*z. Let f be a(z). Suppose -3*l = 15, 0*t + 3*t - f*l - 240 = 0. What is the units digit of t?
5
What is the tens digit of (25/(1625/(-26)))/(4/(-71490))?
4
Let k(c) = 14*c**3 - c**2 - c - 1. Let b be k(-1). Let q = b - -12. What is the tens digit of 15/3 + q - -50?
5
Let m = 3161 - -1267. What is the u